nder when 46822 is divided by 46819.
3
What is the remainder when 696207 is divided by 43438?
1199
What is the remainder when 3489908 is divided by 1744950?
8
What is the remainder when 3926638 is divided by 441?
415
What is the remainder when 7991628 is divided by 23097?
66
What is the remainder when 34745244 is divided by 16?
12
Calculate the remainder when 669649 is divided by 1629.
130
What is the remainder when 2597 is divided by 50?
47
Calculate the remainder when 125196 is divided by 90.
6
Calculate the remainder when 508004 is divided by 527.
503
Calculate the remainder when 18550929 is divided by 43.
41
Calculate the remainder when 1384571 is divided by 1866.
1865
What is the remainder when 3741823 is divided by 2624?
2623
Calculate the remainder when 241073 is divided by 301.
273
Calculate the remainder when 373697 is divided by 3704.
3297
Calculate the remainder when 150183 is divided by 18243.
4239
Calculate the remainder when 25098100 is divided by 174.
166
Calculate the remainder when 203805 is divided by 101510.
785
Calculate the remainder when 873369125 is divided by 2583.
2582
What is the remainder when 2007099 is divided by 48?
27
Calculate the remainder when 43326 is divided by 2741.
2211
What is the remainder when 88653 is divided by 1539?
930
What is the remainder when 12382347 is divided by 1354?
17
What is the remainder when 168095 is divided by 17398?
11513
Calculate the remainder when 17167 is divided by 2434.
129
What is the remainder when 967614 is divided by 322462?
228
Calculate the remainder when 587450 is divided by 55.
50
Calculate the remainder when 3742 is divided by 1797.
148
Calculate the remainder when 2302461 is divided by 15663.
0
What is the remainder when 238243 is divided by 353?
321
Calculate the remainder when 27128594 is divided by 60.
14
What is the remainder when 1237202 is divided by 5475?
5327
What is the remainder when 101911 is divided by 33598?
1117
Calculate the remainder when 608769 is divided by 476.
441
Calculate the remainder when 55254838 is divided by 831.
817
Calculate the remainder when 379071 is divided by 82.
67
What is the remainder when 928057 is divided by 40349?
30
Calculate the remainder when 66875913 is divided by 201.
198
What is the remainder when 401948 is divided by 13858?
66
Calculate the remainder when 55867355 is divided by 13.
11
What is the remainder when 5770503 is divided by 82?
81
Calculate the remainder when 485517 is divided by 239.
108
What is the remainder when 1319081 is divided by 2956?
705
What is the remainder when 691658 is divided by 3679?
6
Calculate the remainder when 268066 is divided by 66846.
682
What is the remainder when 821609 is divided by 191?
118
Calculate the remainder when 56057 is divided by 27132.
1793
What is the remainder when 747258 is divided by 349?
49
What is the remainder when 1337459 is divided by 2633?
2528
Calculate the remainder when 75048124 is divided by 25016037.
13
What is the remainder when 9254827 is divided by 3084939?
10
Calculate the remainder when 167077 is divided by 1109.
727
Calculate the remainder when 2768 is divided by 676.
64
What is the remainder when 4018519 is divided by 619?
590
What is the remainder when 616672875 is divided by 99?
93
What is the remainder when 21715575 is divided by 40214?
15
What is the remainder when 7926569 is divided by 124?
117
What is the remainder when 2237626 is divided by 60475?
51
What is the remainder when 689774 is divided by 184?
142
What is the remainder when 2033633 is divided by 1279?
23
Calculate the remainder when 9859467 is divided by 194.
193
What is the remainder when 33623 is divided by 33596?
27
Calculate the remainder when 2557105772 is divided by 18.
14
What is the remainder when 1053593 is divided by 15494?
1
Calculate the remainder when 4916268 is divided by 4915494.
774
What is the remainder when 4855 is divided by 2415?
25
What is the remainder when 1190215 is divided by 38381?
404
Calculate the remainder when 13405288 is divided by 4468400.
88
What is the remainder when 62635 is divided by 4805?
170
What is the remainder when 118551018 is divided by 733?
729
Calculate the remainder when 2121971 is divided by 408.
371
What is the remainder when 4566282 is divided by 133?
126
What is the remainder when 2603485 is divided by 283?
168
What is the remainder when 582925 is divided by 58269?
235
What is the remainder when 3637549 is divided by 88?
69
What is the remainder when 2344164 is divided by 17?
0
What is the remainder when 1744262157 is divided by 1555?
1552
Calculate the remainder when 304428365 is divided by 11.
10
Calculate the remainder when 204172276 is divided by 3797.
3789
Calculate the remainder when 88884510 is divided by 5281.
5280
What is the remainder when 42857481 is divided by 10714370?
1
Calculate the remainder when 489381 is divided by 1672.
1157
Calculate the remainder when 18568 is divided by 1457.
1084
Calculate the remainder when 48496 is divided by 829.
414
What is the remainder when 327655 is divided by 1444?
1311
Calculate the remainder when 1689598 is divided by 1920.
1918
What is the remainder when 100362337 is divided by 21?
19
Calculate the remainder when 9767526 is divided by 665.
6
Calculate the remainder when 228574378 is divided by 4170.
4168
What is the remainder when 2529615713 is divided by 6978?
6977
Calculate the remainder when 37754854 is divided by 14.
4
What is the remainder when 38532881 is divided by 79?
78
What is the remainder when 2083803 is divided by 117?
33
Calculate the remainder when 130399357 is divided by 260.
257
What is the remainder when 108473534 is divided by 23?
14
What is the remainder when 14978173 is divided by 104?
93
Calculate the remainder when 6500256 is divided by 44.
4
What is the remainder when 110525 is divided by 2166?
59
Calculate the remainder when 266105 is divided by 445.
440
What is the remainder when 204482 is divided by 284?
2
Calculate the remainder when 7411871 is divided by 109.
89
Calculate the remainder when 10054116 is divided by 84.
72
What is the remainder when 2961329 is divided by 2961325?
4
What is the remainder when 5177093 is divided by 279?
248
Calculate the remainder when 181183 is divided by 812.
107
Calculate the remainder when 73120883 is divided by 36560407.
69
Calculate the remainder when 411700 is divided by 2838.
190
What is the remainder when 1459615 is divided by 227?
5
Calculate the remainder when 8596 is divided by 4150.
296
Calculate the remainder when 14746 is divided by 3613.
294
Calculate the remainder when 21286005 is divided by 99.
15
Calculate the remainder when 1202926 is divided by 23923.
6776
What is the remainder when 48610857 is divided by 147?
15
What is the remainder when 69159250 is divided by 1921090?
10
Calculate the remainder when 193420 is divided by 5609.
2714
Calculate the remainder when 12645 is divided by 5493.
1659
Calculate the remainder when 6052508 is divided by 123520.
28
Calculate the remainder when 5348710 is divided by 891451.
4
Calculate the remainder when 3657524 is divided by 610.
574
Calculate the remainder when 1631697 is divided by 666.
663
What is the remainder when 53259 is divided by 53151?
108
Calculate the remainder when 13732964 is divided by 42.
14
What is the remainder when 7476 is divided by 6980?
496
What is the remainder when 431082 is divided by 608?
10
Calculate the remainder when 358458 is divided by 39768.
546
Calculate the remainder when 375608 is divided by 41446.
2594
What is the remainder when 33969 is divided by 2184?
1209
Calculate the remainder when 605585 is divided by 1979.
11
What is the remainder when 65640045 is divided by 66572?
53
Calculate the remainder when 2815390 is divided by 90819.
1
What is the remainder when 5578091 is divided by 513?
242
Calculate the remainder when 37005085 is divided by 11086.
17
Calculate the remainder when 6816428 is divided by 157.
116
Calculate the remainder when 29376924 is divided by 5217.
5214
What is the remainder when 785861 is divided by 785323?
538
What is the remainder when 27784 is divided by 1422?
766
What is the remainder when 32955717 is divided by 278?
207
Calculate the remainder when 117425649 is divided by 3385.
3384
Calculate the remainder wh